st common divisor of 23549056 and 129352?
3496
Calculate the highest common divisor of 131898 and 52599.
267
Calculate the greatest common divisor of 5483252 and 111.
37
What is the greatest common factor of 8059040 and 21690?
2410
Calculate the highest common factor of 937792369 and 17.
17
What is the greatest common factor of 60606 and 2352978?
666
What is the greatest common divisor of 108072 and 170544?
456
Calculate the highest common divisor of 7324 and 100.
4
What is the greatest common divisor of 10309 and 520013?
169
Calculate the highest common divisor of 204820 and 3895.
95
Calculate the highest common factor of 12603732 and 408.
204
Calculate the greatest common divisor of 6683 and 983.
1
Calculate the greatest common factor of 526330 and 14405090.
5110
What is the highest common divisor of 132 and 24162897?
33
What is the highest common divisor of 68412 and 612?
12
What is the greatest common divisor of 15865 and 8735?
5
What is the greatest common divisor of 221168 and 130226483?
13823
Calculate the greatest common factor of 714 and 1803666.
102
Calculate the greatest common divisor of 106690 and 5260.
10
What is the highest common factor of 102 and 10440686?
34
What is the highest common factor of 2177070 and 1861617?
4443
What is the highest common divisor of 108235 and 2455?
5
Calculate the highest common factor of 111602 and 50102.
82
What is the greatest common divisor of 136380523 and 13996?
3499
What is the greatest common factor of 15834 and 19281288?
2262
What is the highest common factor of 362 and 136688666?
362
Calculate the greatest common divisor of 31357087 and 697.
41
What is the greatest common factor of 5548 and 31654114?
2774
What is the highest common factor of 13112935 and 2255?
55
Calculate the highest common divisor of 292172 and 46.
2
Calculate the highest common factor of 2236383 and 21357.
3051
What is the highest common factor of 1248 and 632603296?
416
What is the greatest common divisor of 31099 and 1061202?
137
What is the highest common divisor of 32 and 18401168?
16
What is the highest common divisor of 37026831 and 4707?
1569
Calculate the highest common divisor of 264 and 26743816.
88
What is the greatest common factor of 62708295 and 45209?
853
What is the highest common divisor of 68231 and 277729?
961
Calculate the highest common factor of 54579 and 144979.
113
What is the greatest common factor of 333191 and 18023?
67
What is the greatest common factor of 385 and 18902785?
55
What is the greatest common factor of 13912 and 322344?
296
What is the highest common factor of 3007 and 251521?
97
Calculate the highest common divisor of 13518 and 22530.
4506
What is the greatest common factor of 2816 and 745856?
128
Calculate the greatest common factor of 260050 and 101400.
50
Calculate the highest common factor of 5952 and 13485.
93
Calculate the highest common divisor of 312 and 244919.
1
What is the greatest common divisor of 19413238 and 261?
29
Calculate the highest common divisor of 23212 and 241816813.
5803
Calculate the highest common factor of 38531 and 1664041.
53
What is the highest common divisor of 37102723 and 371?
7
What is the highest common divisor of 824 and 74216?
8
Calculate the highest common divisor of 4545 and 9684.
9
Calculate the highest common divisor of 40895385 and 30.
15
Calculate the highest common divisor of 1305 and 14942385.
45
Calculate the highest common factor of 1151692 and 175648.
1996
What is the highest common factor of 4129932 and 228?
12
What is the greatest common factor of 64 and 17022638?
2
Calculate the greatest common divisor of 8757 and 2719017.
63
Calculate the highest common factor of 2229778 and 2320440.
634
Calculate the highest common divisor of 4403 and 4054687.
119
What is the highest common factor of 1395228862 and 1292?
646
Calculate the greatest common divisor of 6450 and 2914325.
1075
What is the highest common divisor of 4447544 and 3352?
8
Calculate the highest common divisor of 286 and 247325.
13
What is the highest common factor of 211 and 405705103?
211
Calculate the greatest common factor of 8545196 and 176.
44
Calculate the greatest common factor of 161878 and 95602914.
5582
What is the highest common divisor of 3725 and 1639625?
25
What is the greatest common factor of 19905 and 36931737?
3981
What is the greatest common factor of 24132 and 28146?
6
Calculate the greatest common divisor of 5104 and 5660996.
44
What is the highest common factor of 1675 and 32352325?
25
Calculate the highest common divisor of 366 and 192330.
6
What is the highest common factor of 110564 and 53972?
524
What is the greatest common divisor of 83 and 11314477?
83
Calculate the highest common divisor of 6607033 and 6307.
901
What is the greatest common factor of 95635 and 472595?
155
Calculate the greatest common divisor of 1373040 and 6480.
720
What is the greatest common factor of 5874146 and 502350?
6698
What is the highest common factor of 115 and 32497735?
115
Calculate the highest common divisor of 18310934 and 17586.
1954
What is the highest common divisor of 125114 and 75482?
1034
What is the greatest common factor of 12 and 2861772?
12
What is the highest common divisor of 3306078 and 2562?
366
Calculate the greatest common divisor of 1176273 and 378.
63
Calculate the highest common divisor of 35855 and 257020.
355
What is the greatest common factor of 11711778 and 156?
78
What is the greatest common divisor of 92483 and 10603?
23
Calculate the highest common factor of 27692820 and 6480.
540
What is the highest common divisor of 8188482 and 792?
6
Calculate the greatest common factor of 459284 and 238018.
698
What is the greatest common divisor of 7214766 and 2796674?
10882
Calculate the highest common factor of 11070 and 6550898.
82
Calculate the greatest common factor of 25849350 and 436.
218
What is the greatest common factor of 66 and 26945358?
66
Calculate the highest common divisor of 29864098 and 1023.
341
What is the highest common divisor of 51735 and 21483821?
3449
What is the greatest common factor of 6804 and 343205667?
1701
What is the greatest common factor of 54777 and 1767?
1767
What is the greatest common factor of 73793 and 1962?
109
Calculate the greatest common divisor of 316512 and 71764.
28
Calculate the highest common divisor of 39 and 2264613.
39
Calculate the greatest common factor of 140241200 and 150.
50
Calculate the highest common factor of 46 and 8479157.
23
What is the greatest common divisor of 101 and 370569?
101
Calculate the highest common factor of 11275 and 1455377.
451
What is the greatest common factor of 4162 and 2694?
2
What is the greatest common divisor of 192 and 1148220?
12
Calculate the highest common factor of 263452 and 8204.
28
Calculate the greatest common factor of 1246 and 16877693.
623
Calculate the greatest common divisor of 30732 and 78468.
156
Calculate the highest common divisor of 3543473 and 10955.
313
Calculate the highest common factor of 141837696 and 77.
77
What is the greatest common divisor of 306676 and 17028?
172
Calculate the greatest common factor of 17089216 and 2074.
34
Calculate the greatest common factor of 1230858 and 8496.
1062
What is the greatest common factor of 315 and 37016820?
45
What is the highest common divisor of 498342 and 126?
6
What is the highest common factor of 744736 and 11628?
68
Calculate the greatest common factor of 244 and 17607406.
122
What is the greatest common divisor of 269120 and 529160?
40
What is the greatest common factor of 10701 and 26970087?
3567
What is the highest common divisor of 93928 and 258184?
472
What is the highest common divisor of 22 and 18042508?
22
What is the highest common divisor of 20860300 and 405?
5
What is the greatest common divisor of 60 and 22501056?
12
Calculate the greatest common factor of 28356108 and 1180.
236
Calculate the greatest common factor of 24938354 and 170.
34
Calculate the highest common divisor of 354 and 849417.
3
What is the greatest common factor of 126 and 752402826?
126
Calculate the greatest common divisor of 1256061 and 3408.
213
What is the highest common divisor of 1152 and 71655552?
1152
Calculate the highest common divisor of 111007538 and 411.
137
What is the greatest common divisor o